{"id":9,"date":"2026-02-07T22:00:07","date_gmt":"2026-02-07T22:00:07","guid":{"rendered":"https:\/\/www.resurgence-forage.fr\/?page_id=9"},"modified":"2026-02-08T20:57:00","modified_gmt":"2026-02-08T20:57:00","slug":"elementor-9","status":"publish","type":"page","link":"https:\/\/www.resurgence-forage.fr\/?page_id=9","title":{"rendered":"ACCUEIL"},"content":{"rendered":"\t\t<div data-elementor-type=\"wp-post\" data-elementor-id=\"9\" class=\"elementor elementor-9\">\n\t\t\t\t<div class=\"elementor-element elementor-element-d748f40 e-flex e-con-boxed e-con e-parent\" data-id=\"d748f40\" data-element_type=\"container\" data-e-type=\"container\">\n\t\t\t\t\t<div class=\"e-con-inner\">\n\t\t<div class=\"elementor-element elementor-element-921dc44 e-con-full e-flex e-con e-child\" data-id=\"921dc44\" data-element_type=\"container\" data-e-type=\"container\">\n\t\t\t\t<div class=\"elementor-element elementor-element-6704325 elementor-view-default elementor-widget elementor-widget-icon\" data-id=\"6704325\" data-element_type=\"widget\" data-e-type=\"widget\" data-widget_type=\"icon.default\">\n\t\t\t\t\t\t\t<div class=\"elementor-icon-wrapper\">\n\t\t\t<div class=\"elementor-icon\">\n\t\t\t<svg aria-hidden=\"true\" class=\"e-font-icon-svg e-fas-star\" viewBox=\"0 0 576 512\" xmlns=\"http:\/\/www.w3.org\/2000\/svg\"><path d=\"M259.3 17.8L194 150.2 47.9 171.5c-26.2 3.8-36.7 36.1-17.7 54.6l105.7 103-25 145.5c-4.5 26.3 23.2 46 46.4 33.7L288 439.6l130.7 68.7c23.2 12.2 50.9-7.4 46.4-33.7l-25-145.5 105.7-103c19-18.5 8.5-50.8-17.7-54.6L382 150.2 316.7 17.8c-11.7-23.6-45.6-23.9-57.4 0z\"><\/path><\/svg>\t\t\t<\/div>\n\t\t<\/div>\n\t\t\t\t\t\t<\/div>\n\t\t\t\t<\/div>\n\t\t<div class=\"elementor-element elementor-element-6ab49ed e-con-full e-flex e-con e-child\" data-id=\"6ab49ed\" data-element_type=\"container\" data-e-type=\"container\">\n\t\t\t\t<\/div>\n\t\t<div class=\"elementor-element elementor-element-77e6fb3 e-con-full e-flex e-con e-child\" data-id=\"77e6fb3\" data-element_type=\"container\" data-e-type=\"container\">\n\t\t\t\t<\/div>\n\t\t<div class=\"elementor-element elementor-element-71d2ad3 e-con-full e-flex e-con e-child\" data-id=\"71d2ad3\" data-element_type=\"container\" data-e-type=\"container\">\n\t\t\t\t<\/div>\n\t\t<div class=\"elementor-element elementor-element-3149599 e-con-full e-flex e-con e-child\" data-id=\"3149599\" data-element_type=\"container\" data-e-type=\"container\">\n\t\t\t\t<\/div>\n\t\t\t\t\t<\/div>\n\t\t\t\t<\/div>\n\t\t<div class=\"elementor-element elementor-element-a593d22 e-con-full e-flex e-con e-parent\" data-id=\"a593d22\" data-element_type=\"container\" data-e-type=\"container\">\n\t\t\t\t<div class=\"elementor-element elementor-element-58cfe80 elementor-widget elementor-widget-text-editor\" data-id=\"58cfe80\" data-element_type=\"widget\" data-e-type=\"widget\" data-widget_type=\"text-editor.default\">\n\t\t\t\t\t\t\t\t\t<p>Lorem ipsum dolor sit amet, consectetur adipiscing elit. Ut elit tellus, luctus nec ullamcorper mattis, pulvinar dapibus leo.<\/p>\t\t\t\t\t\t\t\t<\/div>\n\t\t\t\t<div class=\"elementor-element elementor-element-ada8f49 elementor-widget__width-initial elementor-widget elementor-widget-button\" data-id=\"ada8f49\" data-element_type=\"widget\" data-e-type=\"widget\" data-widget_type=\"button.default\">\n\t\t\t\t\t\t\t\t\t\t<a class=\"elementor-button elementor-button-link elementor-size-sm\" href=\"#\">\n\t\t\t\t\t\t<span class=\"elementor-button-content-wrapper\">\n\t\t\t\t\t\t\t\t\t<span class=\"elementor-button-text\">Pr\u00e9sentation<\/span>\n\t\t\t\t\t<\/span>\n\t\t\t\t\t<\/a>\n\t\t\t\t\t\t\t\t<\/div>\n\t\t\t\t<div class=\"elementor-element elementor-element-a23ddef elementor-widget__width-initial elementor-widget elementor-widget-button\" data-id=\"a23ddef\" data-element_type=\"widget\" data-e-type=\"widget\" data-widget_type=\"button.default\">\n\t\t\t\t\t\t\t\t\t\t<a class=\"elementor-button elementor-button-link elementor-size-sm\" href=\"#\">\n\t\t\t\t\t\t<span class=\"elementor-button-content-wrapper\">\n\t\t\t\t\t\t\t\t\t<span class=\"elementor-button-text\">Activit\u00e9s<\/span>\n\t\t\t\t\t<\/span>\n\t\t\t\t\t<\/a>\n\t\t\t\t\t\t\t\t<\/div>\n\t\t\t\t<div class=\"elementor-element elementor-element-cb7dafe elementor-widget__width-initial elementor-widget elementor-widget-button\" data-id=\"cb7dafe\" data-element_type=\"widget\" data-e-type=\"widget\" data-widget_type=\"button.default\">\n\t\t\t\t\t\t\t\t\t\t<a class=\"elementor-button elementor-button-link elementor-size-sm\" href=\"#\">\n\t\t\t\t\t\t<span class=\"elementor-button-content-wrapper\">\n\t\t\t\t\t\t\t\t\t<span class=\"elementor-button-text\">R\u00e9alisations<\/span>\n\t\t\t\t\t<\/span>\n\t\t\t\t\t<\/a>\n\t\t\t\t\t\t\t\t<\/div>\n\t\t\t\t<div class=\"elementor-element elementor-element-f693f32 elementor-widget__width-initial elementor-widget elementor-widget-button\" data-id=\"f693f32\" data-element_type=\"widget\" data-e-type=\"widget\" data-widget_type=\"button.default\">\n\t\t\t\t\t\t\t\t\t\t<a class=\"elementor-button elementor-button-link elementor-size-sm\" href=\"#\">\n\t\t\t\t\t\t<span class=\"elementor-button-content-wrapper\">\n\t\t\t\t\t\t\t\t\t<span class=\"elementor-button-text\">Contact<\/span>\n\t\t\t\t\t<\/span>\n\t\t\t\t\t<\/a>\n\t\t\t\t\t\t\t\t<\/div>\n\t\t\t\t<div class=\"elementor-element elementor-element-efc4a5b elementor-widget elementor-widget-button\" data-id=\"efc4a5b\" data-element_type=\"widget\" data-e-type=\"widget\" data-widget_type=\"button.default\">\n\t\t\t\t\t\t\t\t\t\t<a class=\"elementor-button elementor-button-link elementor-size-sm\" href=\"#\">\n\t\t\t\t\t\t<span class=\"elementor-button-content-wrapper\">\n\t\t\t\t\t\t\t\t\t<span class=\"elementor-button-text\">Plaquette<\/span>\n\t\t\t\t\t<\/span>\n\t\t\t\t\t<\/a>\n\t\t\t\t\t\t\t\t<\/div>\n\t\t\t\t<div class=\"elementor-element elementor-element-7e66045 elementor-widget elementor-widget-image\" data-id=\"7e66045\" data-element_type=\"widget\" data-e-type=\"widget\" data-widget_type=\"image.default\">\n\t\t\t\t\t\t\t\t\t\t\t\t\t\t\t<img fetchpriority=\"high\" decoding=\"async\" width=\"2560\" height=\"1024\" src=\"https:\/\/www.resurgence-forage.fr\/wp-content\/uploads\/2026\/02\/Logo-principal-vert-et-blanc-RESURGENCE-JPEG-scaled.jpg\" class=\"attachment-full size-full wp-image-11\" alt=\"\" srcset=\"https:\/\/www.resurgence-forage.fr\/wp-content\/uploads\/2026\/02\/Logo-principal-vert-et-blanc-RESURGENCE-JPEG-scaled.jpg 2560w, https:\/\/www.resurgence-forage.fr\/wp-content\/uploads\/2026\/02\/Logo-principal-vert-et-blanc-RESURGENCE-JPEG-300x120.jpg 300w, https:\/\/www.resurgence-forage.fr\/wp-content\/uploads\/2026\/02\/Logo-principal-vert-et-blanc-RESURGENCE-JPEG-1024x410.jpg 1024w, https:\/\/www.resurgence-forage.fr\/wp-content\/uploads\/2026\/02\/Logo-principal-vert-et-blanc-RESURGENCE-JPEG-768x307.jpg 768w, https:\/\/www.resurgence-forage.fr\/wp-content\/uploads\/2026\/02\/Logo-principal-vert-et-blanc-RESURGENCE-JPEG-1536x614.jpg 1536w, https:\/\/www.resurgence-forage.fr\/wp-content\/uploads\/2026\/02\/Logo-principal-vert-et-blanc-RESURGENCE-JPEG-2048x819.jpg 2048w\" sizes=\"(max-width: 2560px) 100vw, 2560px\" \/>\t\t\t\t\t\t\t\t\t\t\t\t\t\t\t<\/div>\n\t\t\t\t<div class=\"elementor-element elementor-element-87e7338 elementor-widget elementor-widget-heading\" data-id=\"87e7338\" data-element_type=\"widget\" data-e-type=\"widget\" data-widget_type=\"heading.default\">\n\t\t\t\t\t<h2 class=\"elementor-heading-title elementor-size-default\"><span>Construction de puits et forage d'eau<\/span><span><\/span><br><\/h2>\t\t\t\t<\/div>\n\t\t<div class=\"elementor-element elementor-element-d5c4506 e-con-full e-flex e-con e-child\" data-id=\"d5c4506\" data-element_type=\"container\" data-e-type=\"container\">\n\t\t<div class=\"elementor-element elementor-element-c97f2c5 e-con-full e-flex e-con e-child\" data-id=\"c97f2c5\" data-element_type=\"container\" data-e-type=\"container\" data-settings=\"{&quot;background_background&quot;:&quot;classic&quot;}\">\n\t\t\t\t<\/div>\n\t\t\t\t<\/div>\n\t\t<div class=\"elementor-element elementor-element-de319d3 e-con-full e-flex e-con e-child\" data-id=\"de319d3\" data-element_type=\"container\" data-e-type=\"container\">\n\t\t\t\t<\/div>\n\t\t\t\t<\/div>\n\t\t<div class=\"elementor-element elementor-element-fe311a3 e-flex e-con-boxed e-con e-parent\" data-id=\"fe311a3\" data-element_type=\"container\" data-e-type=\"container\">\n\t\t\t\t\t<div class=\"e-con-inner\">\n\t\t\t\t<div class=\"elementor-element elementor-element-bc4208a elementor-widget elementor-widget-text-editor\" data-id=\"bc4208a\" data-element_type=\"widget\" data-e-type=\"widget\" data-widget_type=\"text-editor.default\">\n\t\t\t\t\t\t\t\t\t<p style=\"border-width: 0px; border-style: initial; font-family: Verdana, Geneva, sans-serif; font-size: 11px; font-style: normal; font-weight: 400; margin-bottom: 1.625em; outline: 0px; vertical-align: baseline; clear: both; color: #000101; line-height: 18px; font-variant-ligatures: normal; font-variant-caps: normal; background-color: #ffffff;\">Cr\u00e9\u00e9e en 1998, la SARL R\u00e9surgence est sp\u00e9cialis\u00e9e dans le\u00a0<a style=\"border: 0px; font-family: inherit; font-style: inherit; font-weight: inherit; margin: 0px; outline: 0px; padding: 0px; vertical-align: baseline; color: #1982d1;\" title=\"forage\" href=\"http:\/\/www.resurgence-forage.com\/activites\/forages\/\" target=\"_blank\" rel=\"noopener\">forage<\/a>\u00a0d\u2019eau, la construction de\u00a0<a style=\"border: 0px; font-family: inherit; font-style: inherit; font-weight: inherit; margin: 0px; outline: 0px; padding: 0px; vertical-align: baseline; color: #1982d1;\" title=\"puits\" href=\"http:\/\/www.resurgence-forage.com\/\" target=\"_blank\" rel=\"noopener\">puits<\/a>\u00a0et tous les travaux associ\u00e9s. Nous sommes situ\u00e9s \u00e0 Saint-Priest en r\u00e9gion lyonnaise. Notre exp\u00e9rience et nos comp\u00e9tences nous permettent de travailler dans toute la France pour les Communes, les Promoteurs Immobiliers et les Grands Groupes Industriels.<\/p><p style=\"border-width: 0px; border-style: initial; font-family: Verdana, Geneva, sans-serif; font-size: 11px; font-style: normal; font-weight: 400; margin-bottom: 1.625em; outline: 0px; vertical-align: baseline; clear: both; color: #000101; line-height: 18px; font-variant-ligatures: normal; font-variant-caps: normal; background-color: #ffffff;\">Fort de l\u2019implication et du savoir-faire de nos foreurs et ing\u00e9nieurs, R\u00e9surgence sera en mesure de vous accompagner avec succ\u00e8s dans vos projets.<\/p>\t\t\t\t\t\t\t\t<\/div>\n\t\t\t\t\t<\/div>\n\t\t\t\t<\/div>\n\t\t<div class=\"elementor-element elementor-element-2689294 e-flex e-con-boxed e-con e-parent\" data-id=\"2689294\" data-element_type=\"container\" data-e-type=\"container\">\n\t\t\t\t\t<div class=\"e-con-inner\">\n\t\t\t\t\t<\/div>\n\t\t\t\t<\/div>\n\t\t<div class=\"elementor-element elementor-element-8bdb632 e-flex e-con-boxed e-con e-parent\" data-id=\"8bdb632\" data-element_type=\"container\" data-e-type=\"container\">\n\t\t\t\t\t<div class=\"e-con-inner\">\n\t\t\t\t\t<\/div>\n\t\t\t\t<\/div>\n\t\t<div class=\"elementor-element elementor-element-e94bc04 e-flex e-con-boxed e-con e-parent\" data-id=\"e94bc04\" data-element_type=\"container\" data-e-type=\"container\">\n\t\t\t\t\t<div class=\"e-con-inner\">\n\t\t\t\t\t<\/div>\n\t\t\t\t<\/div>\n\t\t<div class=\"elementor-element elementor-element-33dcb45 e-flex e-con-boxed e-con e-parent\" data-id=\"33dcb45\" data-element_type=\"container\" data-e-type=\"container\">\n\t\t\t\t\t<div class=\"e-con-inner\">\n\t\t\t\t\t<\/div>\n\t\t\t\t<\/div>\n\t\t<div class=\"elementor-element elementor-element-91915b6 e-flex e-con-boxed e-con e-parent\" data-id=\"91915b6\" data-element_type=\"container\" data-e-type=\"container\">\n\t\t\t\t\t<div class=\"e-con-inner\">\n\t\t\t\t\t<\/div>\n\t\t\t\t<\/div>\n\t\t<div class=\"elementor-element elementor-element-280e26f e-flex e-con-boxed e-con e-parent\" data-id=\"280e26f\" data-element_type=\"container\" data-e-type=\"container\">\n\t\t\t\t\t<div class=\"e-con-inner\">\n\t\t\t\t\t<\/div>\n\t\t\t\t<\/div>\n\t\t\t\t<\/div>\n\t\t","protected":false},"excerpt":{"rendered":"<p>Lorem ipsum dolor sit amet, consectetur adipiscing elit. Ut elit tellus, luctus nec ullamcorper mattis, pulvinar dapibus leo. Pr\u00e9sentation Activit\u00e9s R\u00e9alisations Contact Plaquette Construction de puits et forage d&rsquo;eau Cr\u00e9\u00e9e en 1998, la SARL R\u00e9surgence est sp\u00e9cialis\u00e9e dans le\u00a0forage\u00a0d\u2019eau, la construction de\u00a0puits\u00a0et tous les travaux associ\u00e9s. Nous sommes situ\u00e9s \u00e0 Saint-Priest en r\u00e9gion lyonnaise. Notre [&hellip;]<\/p>\n","protected":false},"author":1,"featured_media":11,"parent":0,"menu_order":0,"comment_status":"closed","ping_status":"closed","template":"","meta":{"footnotes":""},"class_list":["post-9","page","type-page","status-publish","has-post-thumbnail","hentry"],"blocksy_meta":[],"_links":{"self":[{"href":"https:\/\/www.resurgence-forage.fr\/index.php?rest_route=\/wp\/v2\/pages\/9","targetHints":{"allow":["GET"]}}],"collection":[{"href":"https:\/\/www.resurgence-forage.fr\/index.php?rest_route=\/wp\/v2\/pages"}],"about":[{"href":"https:\/\/www.resurgence-forage.fr\/index.php?rest_route=\/wp\/v2\/types\/page"}],"author":[{"embeddable":true,"href":"https:\/\/www.resurgence-forage.fr\/index.php?rest_route=\/wp\/v2\/users\/1"}],"replies":[{"embeddable":true,"href":"https:\/\/www.resurgence-forage.fr\/index.php?rest_route=%2Fwp%2Fv2%2Fcomments&post=9"}],"version-history":[{"count":40,"href":"https:\/\/www.resurgence-forage.fr\/index.php?rest_route=\/wp\/v2\/pages\/9\/revisions"}],"predecessor-version":[{"id":67,"href":"https:\/\/www.resurgence-forage.fr\/index.php?rest_route=\/wp\/v2\/pages\/9\/revisions\/67"}],"wp:featuredmedia":[{"embeddable":true,"href":"https:\/\/www.resurgence-forage.fr\/index.php?rest_route=\/wp\/v2\/media\/11"}],"wp:attachment":[{"href":"https:\/\/www.resurgence-forage.fr\/index.php?rest_route=%2Fwp%2Fv2%2Fmedia&parent=9"}],"curies":[{"name":"wp","href":"https:\/\/api.w.org\/{rel}","templated":true}]}}